{"id":335,"date":"2018-12-11T13:58:53","date_gmt":"2018-12-11T12:58:53","guid":{"rendered":"http:\/\/lejolylabo.fr\/?page_id=335"},"modified":"2020-01-09T00:49:04","modified_gmt":"2020-01-08T23:49:04","slug":"traiteur","status":"publish","type":"page","link":"https:\/\/lejolylabo.fr\/traiteur\/","title":{"rendered":"TRAITEUR"},"content":{"rendered":"<p>Le Joly Labo propose d'accompagner vos moments gourmands avec une offre sal\u00e9e et sucr\u00e9e raffin\u00e9e, savoureuse et sur mesure pour chaque \u00e9v\u00e9nement.<\/p>\n<p><a href=\"http:\/\/lejolylabo.fr\/wp-content\/uploads\/2018\/12\/IMG_9309.jpg\" rel=\"attachment wp-att-340\"><img loading=\"lazy\" class=\"alignnone wp-image-340\" src=\"http:\/\/lejolylabo.fr\/wp-content\/uploads\/2018\/12\/IMG_9309-300x169.jpg\" alt=\"IMG_9309\" width=\"594\" height=\"335\" srcset=\"https:\/\/lejolylabo.fr\/wp-content\/uploads\/2018\/12\/IMG_9309-300x169.jpg 300w, https:\/\/lejolylabo.fr\/wp-content\/uploads\/2018\/12\/IMG_9309-768x432.jpg 768w, https:\/\/lejolylabo.fr\/wp-content\/uploads\/2018\/12\/IMG_9309-1024x576.jpg 1024w, https:\/\/lejolylabo.fr\/wp-content\/uploads\/2018\/12\/IMG_9309-960x540.jpg 960w, https:\/\/lejolylabo.fr\/wp-content\/uploads\/2018\/12\/IMG_9309.jpg 1280w\" sizes=\"(max-width: 594px) 100vw, 594px\" \/><\/a><\/p>\n<p>QUALIT\u00c9 ET RAFFINEMENT<br \/>\nPr\u00e9paration artisanale, r\u00e9alis\u00e9e \u00e0 la commande<br \/>\nMati\u00e8res premi\u00e8res de qualit\u00e9 et de saison<\/p>\n<p>SUR MESURE POUR TOUS VOS \u00c9V\u00c8NEMENTS<br \/>\nProfessionnels : \u00e9v\u00e9nementiel entreprises, cocktail, lancement produit<\/p>\n<p>COMMANDE <a href=\"http:\/\/lejolylabo.fr\/contactez-nous\/\">ici<\/a><br \/>\nSur devis, 15 jours \u00e0 l'avance<br \/>\nLivraison possible (Paris, Est parisien)<\/p>\n<p><a href=\"http:\/\/lejolylabo.fr\/wp-content\/uploads\/2018\/12\/IMG_E9312.jpg\" rel=\"attachment wp-att-341\"><img loading=\"lazy\" class=\"wp-image-341 aligncenter\" src=\"http:\/\/lejolylabo.fr\/wp-content\/uploads\/2018\/12\/IMG_E9312-e1544531539555.jpg\" alt=\"IMG_E9312\" width=\"625\" height=\"720\" srcset=\"https:\/\/lejolylabo.fr\/wp-content\/uploads\/2018\/12\/IMG_E9312-e1544531539555.jpg 528w, https:\/\/lejolylabo.fr\/wp-content\/uploads\/2018\/12\/IMG_E9312-e1544531539555-261x300.jpg 261w\" sizes=\"(max-width: 625px) 100vw, 625px\" \/><\/a><\/p>\n<p><a href=\"http:\/\/lejolylabo.fr\/wp-content\/uploads\/2018\/12\/Capture-d\u2019e\u0301cran-2018-12-11-a\u0300-13.45.20.png\" rel=\"attachment wp-att-389\"><img loading=\"lazy\" class=\"alignnone wp-image-389\" src=\"http:\/\/lejolylabo.fr\/wp-content\/uploads\/2018\/12\/Capture-d\u2019e\u0301cran-2018-12-11-a\u0300-13.45.20-232x300.png\" alt=\"Capture d\u2019e\u0301cran 2018-12-11 a\u0300 13.45.20\" width=\"623\" height=\"806\" srcset=\"https:\/\/lejolylabo.fr\/wp-content\/uploads\/2018\/12\/Capture-d\u2019e\u0301cran-2018-12-11-a\u0300-13.45.20-232x300.png 232w, https:\/\/lejolylabo.fr\/wp-content\/uploads\/2018\/12\/Capture-d\u2019e\u0301cran-2018-12-11-a\u0300-13.45.20.png 545w\" sizes=\"(max-width: 623px) 100vw, 623px\" \/><\/a> <a href=\"http:\/\/lejolylabo.fr\/wp-content\/uploads\/2018\/12\/Capture-d\u2019e\u0301cran-2018-12-11-a\u0300-13.45.35.png\" rel=\"attachment wp-att-390\"><img loading=\"lazy\" class=\"alignnone wp-image-390\" src=\"http:\/\/lejolylabo.fr\/wp-content\/uploads\/2018\/12\/Capture-d\u2019e\u0301cran-2018-12-11-a\u0300-13.45.35-300x161.png\" alt=\"Capture d\u2019e\u0301cran 2018-12-11 a\u0300 13.45.35\" width=\"620\" height=\"333\" srcset=\"https:\/\/lejolylabo.fr\/wp-content\/uploads\/2018\/12\/Capture-d\u2019e\u0301cran-2018-12-11-a\u0300-13.45.35-300x161.png 300w, https:\/\/lejolylabo.fr\/wp-content\/uploads\/2018\/12\/Capture-d\u2019e\u0301cran-2018-12-11-a\u0300-13.45.35.png 570w\" sizes=\"(max-width: 620px) 100vw, 620px\" \/><\/a><a href=\"http:\/\/lejolylabo.fr\/wp-content\/uploads\/2018\/12\/Capture-d\u2019e\u0301cran-2018-12-11-a\u0300-13.45.52.png\" rel=\"attachment wp-att-391\"><img loading=\"lazy\" class=\"alignnone wp-image-391\" src=\"http:\/\/lejolylabo.fr\/wp-content\/uploads\/2018\/12\/Capture-d\u2019e\u0301cran-2018-12-11-a\u0300-13.45.52-221x300.png\" alt=\"Capture d\u2019e\u0301cran 2018-12-11 a\u0300 13.45.52\" width=\"623\" height=\"846\" srcset=\"https:\/\/lejolylabo.fr\/wp-content\/uploads\/2018\/12\/Capture-d\u2019e\u0301cran-2018-12-11-a\u0300-13.45.52-221x300.png 221w, https:\/\/lejolylabo.fr\/wp-content\/uploads\/2018\/12\/Capture-d\u2019e\u0301cran-2018-12-11-a\u0300-13.45.52.png 537w\" sizes=\"(max-width: 623px) 100vw, 623px\" \/><\/a>\u00a0<a href=\"http:\/\/lejolylabo.fr\/wp-content\/uploads\/2018\/12\/PETITS-FOURS.png\" rel=\"attachment wp-att-398\"><img loading=\"lazy\" class=\"alignnone wp-image-398\" src=\"http:\/\/lejolylabo.fr\/wp-content\/uploads\/2018\/12\/PETITS-FOURS-300x130.png\" alt=\"PETITS FOURS\" width=\"616\" height=\"267\" srcset=\"https:\/\/lejolylabo.fr\/wp-content\/uploads\/2018\/12\/PETITS-FOURS-300x130.png 300w, https:\/\/lejolylabo.fr\/wp-content\/uploads\/2018\/12\/PETITS-FOURS-768x332.png 768w, https:\/\/lejolylabo.fr\/wp-content\/uploads\/2018\/12\/PETITS-FOURS.png 787w\" sizes=\"(max-width: 616px) 100vw, 616px\" \/><\/a> <a href=\"http:\/\/lejolylabo.fr\/wp-content\/uploads\/2018\/12\/IMG_3973.jpg\" rel=\"attachment wp-att-345\"><img loading=\"lazy\" class=\"alignnone wp-image-345\" src=\"http:\/\/lejolylabo.fr\/wp-content\/uploads\/2018\/12\/IMG_3973-300x300.jpg\" alt=\"IMG_3973\" width=\"622\" height=\"622\" srcset=\"https:\/\/lejolylabo.fr\/wp-content\/uploads\/2018\/12\/IMG_3973-300x300.jpg 300w, https:\/\/lejolylabo.fr\/wp-content\/uploads\/2018\/12\/IMG_3973-150x150.jpg 150w, https:\/\/lejolylabo.fr\/wp-content\/uploads\/2018\/12\/IMG_3973-768x768.jpg 768w, https:\/\/lejolylabo.fr\/wp-content\/uploads\/2018\/12\/IMG_3973-1024x1024.jpg 1024w, https:\/\/lejolylabo.fr\/wp-content\/uploads\/2018\/12\/IMG_3973-960x960.jpg 960w\" sizes=\"(max-width: 622px) 100vw, 622px\" \/><\/a><\/p>\n<p><a href=\"http:\/\/lejolylabo.fr\/wp-content\/uploads\/2018\/12\/IMG_3983-1.jpg\" rel=\"attachment wp-att-388\"><img loading=\"lazy\" class=\"alignnone wp-image-388 \" src=\"http:\/\/lejolylabo.fr\/wp-content\/uploads\/2018\/12\/IMG_3983-1-e1544531485476-300x238.jpg\" alt=\"IMG_3983\" width=\"623\" height=\"494\" srcset=\"https:\/\/lejolylabo.fr\/wp-content\/uploads\/2018\/12\/IMG_3983-1-e1544531485476-300x238.jpg 300w, https:\/\/lejolylabo.fr\/wp-content\/uploads\/2018\/12\/IMG_3983-1-e1544531485476-1024x814.jpg 1024w, https:\/\/lejolylabo.fr\/wp-content\/uploads\/2018\/12\/IMG_3983-1-e1544531485476-960x763.jpg 960w\" sizes=\"(max-width: 623px) 100vw, 623px\" \/><\/a><a href=\"http:\/\/lejolylabo.fr\/wp-content\/uploads\/2018\/12\/IMG_9843.jpg\" rel=\"attachment wp-att-448\"><img loading=\"lazy\" class=\"alignnone wp-image-448\" src=\"http:\/\/lejolylabo.fr\/wp-content\/uploads\/2018\/12\/IMG_9843-200x300.jpg\" alt=\"IMG_9843\" width=\"614\" height=\"921\" srcset=\"https:\/\/lejolylabo.fr\/wp-content\/uploads\/2018\/12\/IMG_9843-200x300.jpg 200w, https:\/\/lejolylabo.fr\/wp-content\/uploads\/2018\/12\/IMG_9843-768x1152.jpg 768w, https:\/\/lejolylabo.fr\/wp-content\/uploads\/2018\/12\/IMG_9843-683x1024.jpg 683w, https:\/\/lejolylabo.fr\/wp-content\/uploads\/2018\/12\/IMG_9843-960x1440.jpg 960w\" sizes=\"(max-width: 614px) 100vw, 614px\" \/><\/a> <a href=\"http:\/\/lejolylabo.fr\/wp-content\/uploads\/2018\/12\/IMG_0885.jpg\" rel=\"attachment wp-att-443\"><img loading=\"lazy\" class=\"alignnone wp-image-443\" src=\"http:\/\/lejolylabo.fr\/wp-content\/uploads\/2018\/12\/IMG_0885-300x225.jpg\" alt=\"IMG_0885\" width=\"611\" height=\"458\" srcset=\"https:\/\/lejolylabo.fr\/wp-content\/uploads\/2018\/12\/IMG_0885-300x225.jpg 300w, https:\/\/lejolylabo.fr\/wp-content\/uploads\/2018\/12\/IMG_0885-768x576.jpg 768w, https:\/\/lejolylabo.fr\/wp-content\/uploads\/2018\/12\/IMG_0885-1024x768.jpg 1024w, https:\/\/lejolylabo.fr\/wp-content\/uploads\/2018\/12\/IMG_0885-960x720.jpg 960w\" sizes=\"(max-width: 611px) 100vw, 611px\" \/><\/a><\/p>\n","protected":false},"excerpt":{"rendered":"<p>Le Joly Labo propose d'accompagner vos moments gourmands avec une offre sal\u00e9e et sucr\u00e9e raffin\u00e9e, savoureuse et sur mesure pour chaque \u00e9v\u00e9nement. QUALIT\u00c9 ET RAFFINEMENT Pr\u00e9paration artisanale, r\u00e9alis\u00e9e \u00e0 la commande Mati\u00e8res premi\u00e8res de qualit\u00e9 et de saison SUR MESURE POUR TOUS VOS \u00c9V\u00c8NEMENTS Professionnels : \u00e9v\u00e9nementiel entreprises, cocktail, lancement produit COMMANDE ici Sur devis, <a class=\"read-more\" href=\"https:\/\/lejolylabo.fr\/traiteur\/\">...lire la suite <span class=\"meta-nav\">&rarr;<\/span><\/a><\/p>\n","protected":false},"author":1,"featured_media":0,"parent":0,"menu_order":0,"comment_status":"closed","ping_status":"closed","template":"","meta":{"spay_email":""},"jetpack_sharing_enabled":true,"jetpack_shortlink":"https:\/\/wp.me\/P7bBaR-5p","_links":{"self":[{"href":"https:\/\/lejolylabo.fr\/traiteur\/wp-json\/wp\/v2\/pages\/335"}],"collection":[{"href":"https:\/\/lejolylabo.fr\/traiteur\/wp-json\/wp\/v2\/pages"}],"about":[{"href":"https:\/\/lejolylabo.fr\/traiteur\/wp-json\/wp\/v2\/types\/page"}],"author":[{"embeddable":true,"href":"https:\/\/lejolylabo.fr\/traiteur\/wp-json\/wp\/v2\/users\/1"}],"replies":[{"embeddable":true,"href":"https:\/\/lejolylabo.fr\/traiteur\/wp-json\/wp\/v2\/comments?post=335"}],"version-history":[{"count":11,"href":"https:\/\/lejolylabo.fr\/traiteur\/wp-json\/wp\/v2\/pages\/335\/revisions"}],"predecessor-version":[{"id":696,"href":"https:\/\/lejolylabo.fr\/traiteur\/wp-json\/wp\/v2\/pages\/335\/revisions\/696"}],"wp:attachment":[{"href":"https:\/\/lejolylabo.fr\/traiteur\/wp-json\/wp\/v2\/media?parent=335"}],"curies":[{"name":"wp","href":"https:\/\/api.w.org\/{rel}","templated":true}]}}