{"id":433,"date":"2018-12-12T15:39:41","date_gmt":"2018-12-12T14:39:41","guid":{"rendered":"http:\/\/lejolylabo.fr\/?page_id=433"},"modified":"2020-10-01T13:05:31","modified_gmt":"2020-10-01T12:05:31","slug":"contactez-nous","status":"publish","type":"page","link":"http:\/\/lejolylabo.fr\/traiteur\/contactez-nous\/","title":{"rendered":"CONTACTEZ-NOUS"},"content":{"rendered":"<p>N'h\u00e9sitez pas \u00e0 nous envoyer un message pour toutes vos commandes.<br \/>\n(Merci de noter que notre atelier est ferm\u00e9 le dimanche.)<\/p>\n<div id='contact-form-433'>\n<form action='http:\/\/lejolylabo.fr\/traiteur\/contactez-nous\/#contact-form-433' method='post' class='contact-form commentsblock'>\n\n<div class='grunion-field-wrap grunion-field-name-wrap'  >\n<label\n\t\t\t\tfor='g433-nom'\n\t\t\t\tclass='grunion-field-label name'\n\t\t\t\t>Nom<span>(obligatoire)<\/span><\/label>\n<input\n\t\t\t\t\ttype='text'\n\t\t\t\t\tname='g433-nom'\n\t\t\t\t\tid='g433-nom'\n\t\t\t\t\tvalue=''\n\t\t\t\t\tclass='name' \n\t\t\t\t\trequired aria-required='true'\n\t\t\t\t\/>\n\t<\/div>\n\n<div class='grunion-field-wrap grunion-field-name-wrap'  >\n<label\n\t\t\t\tfor='g433-socit'\n\t\t\t\tclass='grunion-field-label name'\n\t\t\t\t>Soci\u00e9t\u00e9<span>(obligatoire)<\/span><\/label>\n<input\n\t\t\t\t\ttype='text'\n\t\t\t\t\tname='g433-socit'\n\t\t\t\t\tid='g433-socit'\n\t\t\t\t\tvalue=''\n\t\t\t\t\tclass='name' \n\t\t\t\t\trequired aria-required='true'\n\t\t\t\t\/>\n\t<\/div>\n\n<div class='grunion-field-wrap grunion-field-email-wrap'  >\n<label\n\t\t\t\tfor='g433-email'\n\t\t\t\tclass='grunion-field-label email'\n\t\t\t\t>E-mail<span>(obligatoire)<\/span><\/label>\n<input\n\t\t\t\t\ttype='email'\n\t\t\t\t\tname='g433-email'\n\t\t\t\t\tid='g433-email'\n\t\t\t\t\tvalue=''\n\t\t\t\t\tclass='email' \n\t\t\t\t\trequired aria-required='true'\n\t\t\t\t\/>\n\t<\/div>\n\n<div class='grunion-field-wrap grunion-field-select-wrap'  >\n<label\n\t\t\t\tfor='g433-typedecommande'\n\t\t\t\tclass='grunion-field-label select'\n\t\t\t\t>Type de commande<span>(obligatoire)<\/span><\/label>\n\t<select name='g433-typedecommande' id='g433-typedecommande' class='select' required aria-required='true'>\n\t\t<option value='Traiteur sal\u00e9 et\/ou sucr\u00e9'>Traiteur sal\u00e9 et\/ou sucr\u00e9<\/option>\n\t\t<option value='Autre'>Autre<\/option>\n\t<\/select>\n\t<\/div>\n\n<div class='grunion-field-wrap grunion-field-text-wrap'  >\n<label\n\t\t\t\tfor='g433-nombredepersonnesmini20personnes'\n\t\t\t\tclass='grunion-field-label text'\n\t\t\t\t>Nombre de personnes (mini 20 personnes)<span>(obligatoire)<\/span><\/label>\n<input\n\t\t\t\t\ttype='text'\n\t\t\t\t\tname='g433-nombredepersonnesmini20personnes'\n\t\t\t\t\tid='g433-nombredepersonnesmini20personnes'\n\t\t\t\t\tvalue=''\n\t\t\t\t\tclass='text' \n\t\t\t\t\trequired aria-required='true'\n\t\t\t\t\/>\n\t<\/div>\n\n<div class='grunion-field-wrap grunion-field-text-wrap'  >\n<label\n\t\t\t\tfor='g433-datedelalivraison'\n\t\t\t\tclass='grunion-field-label text'\n\t\t\t\t>Date de la livraison<span>(obligatoire)<\/span><\/label>\n<input\n\t\t\t\t\ttype='text'\n\t\t\t\t\tname='g433-datedelalivraison'\n\t\t\t\t\tid='g433-datedelalivraison'\n\t\t\t\t\tvalue=''\n\t\t\t\t\tclass='text' \n\t\t\t\t\trequired aria-required='true'\n\t\t\t\t\/>\n\t<\/div>\n\n<div class='grunion-field-wrap grunion-field-textarea-wrap'  >\n<label\n\t\t\t\tfor='contact-form-comment-g433-expliqueznousvotredemande'\n\t\t\t\tclass='grunion-field-label textarea'\n\t\t\t\t>Expliquez-nous votre demande<span>(obligatoire)<\/span><\/label>\n<textarea\n\t\t                name='g433-expliqueznousvotredemande'\n\t\t                id='contact-form-comment-g433-expliqueznousvotredemande'\n\t\t                rows='20' class='textarea'  required aria-required='true'><\/textarea>\n\t<\/div>\n\n<div class='grunion-field-wrap grunion-field-select-wrap'  >\n<label\n\t\t\t\tfor='g433-ditesnouscommentvousnousavezconnu'\n\t\t\t\tclass='grunion-field-label select'\n\t\t\t\t>Dites-nous comment vous nous avez connu<\/label>\n\t<select name='g433-ditesnouscommentvousnousavezconnu' id='g433-ditesnouscommentvousnousavezconnu' class='select' >\n\t\t<option value='Facebook'>Facebook<\/option>\n\t\t<option value='Instagram'>Instagram<\/option>\n\t\t<option value='Presse'>Presse<\/option>\n\t\t<option value='Bouche \u00e0 oreille'>Bouche \u00e0 oreille<\/option>\n\t\t<option value='Autre'>Autre<\/option>\n\t<\/select>\n\t<\/div>\n\t<p class='contact-submit'>\n\t\t<button type='submit' class='pushbutton-wide'>Envoyer<\/button>\t\t<input type='hidden' name='contact-form-id' value='433' \/>\n\t\t<input type='hidden' name='action' value='grunion-contact-form' \/>\n\t\t<input type='hidden' name='contact-form-hash' value='7dfcd4b3bc4d30c3fc54694cd973c148e0b6f39a' \/>\n\t<\/p>\n<\/form>\n<\/div>\n<p>Merci !<\/p>\n","protected":false},"excerpt":{"rendered":"<p>N'h\u00e9sitez pas \u00e0 nous envoyer un message pour toutes vos commandes. (Merci de noter que notre atelier est ferm\u00e9 le dimanche.) Merci !<\/p>\n","protected":false},"author":1,"featured_media":0,"parent":0,"menu_order":0,"comment_status":"closed","ping_status":"closed","template":"","meta":{"spay_email":""},"jetpack_sharing_enabled":true,"jetpack_shortlink":"https:\/\/wp.me\/P7bBaR-6Z","_links":{"self":[{"href":"http:\/\/lejolylabo.fr\/traiteur\/wp-json\/wp\/v2\/pages\/433"}],"collection":[{"href":"http:\/\/lejolylabo.fr\/traiteur\/wp-json\/wp\/v2\/pages"}],"about":[{"href":"http:\/\/lejolylabo.fr\/traiteur\/wp-json\/wp\/v2\/types\/page"}],"author":[{"embeddable":true,"href":"http:\/\/lejolylabo.fr\/traiteur\/wp-json\/wp\/v2\/users\/1"}],"replies":[{"embeddable":true,"href":"http:\/\/lejolylabo.fr\/traiteur\/wp-json\/wp\/v2\/comments?post=433"}],"version-history":[{"count":16,"href":"http:\/\/lejolylabo.fr\/traiteur\/wp-json\/wp\/v2\/pages\/433\/revisions"}],"predecessor-version":[{"id":918,"href":"http:\/\/lejolylabo.fr\/traiteur\/wp-json\/wp\/v2\/pages\/433\/revisions\/918"}],"wp:attachment":[{"href":"http:\/\/lejolylabo.fr\/traiteur\/wp-json\/wp\/v2\/media?parent=433"}],"curies":[{"name":"wp","href":"https:\/\/api.w.org\/{rel}","templated":true}]}}